{"id":3,"date":"2023-05-28T20:18:22","date_gmt":"2023-05-28T18:18:22","guid":{"rendered":"https:\/\/create-website.fr\/?page_id=3"},"modified":"2024-01-24T03:47:23","modified_gmt":"2024-01-24T02:47:23","slug":"politique-de-confidentialite","status":"publish","type":"page","link":"https:\/\/boncommand.create-website.fr\/index.php\/politique-de-confidentialite\/","title":{"rendered":"Notre politique de confidentialit\u00e9"},"content":{"rendered":"\t\t<div data-elementor-type=\"wp-page\" data-elementor-id=\"3\" class=\"elementor elementor-3\">\n\t\t\t\t\t\t<section class=\"elementor-section elementor-top-section elementor-element elementor-element-7e48f3b2 elementor-section-boxed elementor-section-height-default elementor-section-height-default\" data-id=\"7e48f3b2\" data-element_type=\"section\">\n\t\t\t\t\t\t<div class=\"elementor-container elementor-column-gap-default\">\n\t\t\t\t\t<div class=\"elementor-column elementor-col-100 elementor-top-column elementor-element elementor-element-48f392b5\" data-id=\"48f392b5\" data-element_type=\"column\">\n\t\t\t<div class=\"elementor-widget-wrap elementor-element-populated\">\n\t\t\t\t\t\t<div class=\"elementor-element elementor-element-6b1c90f2 elementor-widget elementor-widget-text-editor\" data-id=\"6b1c90f2\" data-element_type=\"widget\" data-widget_type=\"text-editor.default\">\n\t\t\t\t<div class=\"elementor-widget-container\">\n\t\t\t<style>\/*! elementor - v3.20.0 - 10-04-2024 *\/\n.elementor-widget-text-editor.elementor-drop-cap-view-stacked .elementor-drop-cap{background-color:#69727d;color:#fff}.elementor-widget-text-editor.elementor-drop-cap-view-framed .elementor-drop-cap{color:#69727d;border:3px solid;background-color:transparent}.elementor-widget-text-editor:not(.elementor-drop-cap-view-default) .elementor-drop-cap{margin-top:8px}.elementor-widget-text-editor:not(.elementor-drop-cap-view-default) .elementor-drop-cap-letter{width:1em;height:1em}.elementor-widget-text-editor .elementor-drop-cap{float:left;text-align:center;line-height:1;font-size:50px}.elementor-widget-text-editor .elementor-drop-cap-letter{display:inline-block}<\/style>\t\t\t\t<div class=\"gdpr_content\"><div class=\"gdpr_general_top\"><p>Notre politique de confidentialit\u00e9 explique nos principes en mati\u00e8re de collecte, de traitement et de stockage de vos informations. Cette politique explique sp\u00e9cifiquement comment nous utilisons les cookies, ainsi que les options dont vous disposez pour les contr\u00f4ler.<\/p><\/div><ul><li class=\"gdpr_title item\"><strong><span class=\"gdpr_number\">1<\/span>\u00a0Que sont les cookies ?<\/strong><\/li><\/ul><p>Les cookies sont de petits \u00e9l\u00e9ments de donn\u00e9es stock\u00e9s dans des fichiers texte stock\u00e9s sur votre ordinateur ou autre appareil lorsque des sites Web sont charg\u00e9s dans un navigateur. Ils sont largement utilis\u00e9s pour \u00ab se souvenir \u00bb de vous et de vos pr\u00e9f\u00e9rences, que ce soit pour une seule visite ou pour plusieurs visites r\u00e9p\u00e9t\u00e9es.<\/p><ul><li class=\"gdpr_title item\"><strong><span class=\"gdpr_number\">2<\/span>\u00a0Comment nous utilisons les cookies<\/strong><\/li><\/ul><p>Nous utilisons des cookies \u00e0 diverses fins. Certains cookies sont n\u00e9cessaires pour des raisons techniques ; certains permettent une exp\u00e9rience personnalis\u00e9e \u00e0 la fois pour les visiteurs et les utilisateurs enregistr\u00e9s ; et certains permettent l&#8217;affichage de publicit\u00e9s provenant de r\u00e9seaux tiers s\u00e9lectionn\u00e9s.<\/p><ul class=\"gdpr_general_notice\"><li class=\"gdpr_notice_item\"><p class=\"gdpr_title item\"><strong><span class=\"gdpr_number\">3<\/span>\u00a0Contr\u00f4le des cookies<\/strong><\/p><p>Les visiteurs peuvent souhaiter restreindre l\u2019utilisation des cookies ou emp\u00eacher compl\u00e8tement leur installation. Si vous d\u00e9sactivez les cookies, sachez que certaines fonctionnalit\u00e9s de notre service peuvent ne pas fonctionner correctement.<\/p><\/li><li class=\"gdpr_notice_item\"><p class=\"gdpr_title item\"><strong><span class=\"gdpr_number\">4<\/span>\u00a0Informations que nous collectons<\/strong><\/p><p>Nous ne collectons des informations vous concernant que si nous avons une raison de le faire, par exemple pour fournir nos services, communiquer avec vous ou am\u00e9liorer nos services.<\/p><\/li><\/ul><div class=\"gdpr_general_bottom\"><p>Nous nous engageons \u00e0 maintenir la confiance des visiteurs de notre site Web. Nous ne collectons, ne vendons, ne louons ni n\u2019\u00e9changeons de listes de diffusion ou de donn\u00e9es avec d\u2019autres soci\u00e9t\u00e9s et entreprises. Consultez notre page Politique de confidentialit\u00e9 pour lire des informations d\u00e9taill\u00e9es sur le moment et la raison pour laquelle nous collectons vos informations personnelles, comment nous les utilisons, les conditions limit\u00e9es dans lesquelles nous pouvons les divulguer \u00e0 des tiers et comment nous les prot\u00e9geons.<\/p><p>Nous pouvons modifier la politique en mati\u00e8re de cookies et de confidentialit\u00e9 de temps \u00e0 autre. Cette politique entre en vigueur le 24 mai 2018.<\/p><\/div><\/div>\t\t\t\t\t\t<\/div>\n\t\t\t\t<\/div>\n\t\t\t\t\t<\/div>\n\t\t<\/div>\n\t\t\t\t\t<\/div>\n\t\t<\/section>\n\t\t\t\t<\/div>\n\t\t","protected":false},"excerpt":{"rendered":"<p>Notre politique de confidentialit\u00e9 explique nos principes en mati\u00e8re de collecte, de traitement et de stockage de vos informations. Cette politique explique sp\u00e9cifiquement comment nous utilisons les cookies, ainsi que les options dont vous disposez pour les contr\u00f4ler. 1\u00a0Que sont les cookies ? Les cookies sont de petits \u00e9l\u00e9ments de donn\u00e9es stock\u00e9s dans des fichiers [&hellip;]<\/p>\n","protected":false},"author":1,"featured_media":0,"parent":0,"menu_order":0,"comment_status":"closed","ping_status":"open","template":"","meta":{"ocean_post_layout":"","ocean_both_sidebars_style":"","ocean_both_sidebars_content_width":0,"ocean_both_sidebars_sidebars_width":0,"ocean_sidebar":"","ocean_second_sidebar":"","ocean_disable_margins":"enable","ocean_add_body_class":"","ocean_shortcode_before_top_bar":"","ocean_shortcode_after_top_bar":"","ocean_shortcode_before_header":"","ocean_shortcode_after_header":"","ocean_has_shortcode":"","ocean_shortcode_after_title":"","ocean_shortcode_before_footer_widgets":"","ocean_shortcode_after_footer_widgets":"","ocean_shortcode_before_footer_bottom":"","ocean_shortcode_after_footer_bottom":"","ocean_display_top_bar":"default","ocean_display_header":"default","ocean_header_style":"","ocean_center_header_left_menu":"","ocean_custom_header_template":"","ocean_custom_logo":0,"ocean_custom_retina_logo":0,"ocean_custom_logo_max_width":0,"ocean_custom_logo_tablet_max_width":0,"ocean_custom_logo_mobile_max_width":0,"ocean_custom_logo_max_height":0,"ocean_custom_logo_tablet_max_height":0,"ocean_custom_logo_mobile_max_height":0,"ocean_header_custom_menu":"","ocean_menu_typo_font_family":"","ocean_menu_typo_font_subset":"","ocean_menu_typo_font_size":0,"ocean_menu_typo_font_size_tablet":0,"ocean_menu_typo_font_size_mobile":0,"ocean_menu_typo_font_size_unit":"px","ocean_menu_typo_font_weight":"","ocean_menu_typo_font_weight_tablet":"","ocean_menu_typo_font_weight_mobile":"","ocean_menu_typo_transform":"","ocean_menu_typo_transform_tablet":"","ocean_menu_typo_transform_mobile":"","ocean_menu_typo_line_height":0,"ocean_menu_typo_line_height_tablet":0,"ocean_menu_typo_line_height_mobile":0,"ocean_menu_typo_line_height_unit":"","ocean_menu_typo_spacing":0,"ocean_menu_typo_spacing_tablet":0,"ocean_menu_typo_spacing_mobile":0,"ocean_menu_typo_spacing_unit":"","ocean_menu_link_color":"","ocean_menu_link_color_hover":"","ocean_menu_link_color_active":"","ocean_menu_link_background":"","ocean_menu_link_hover_background":"","ocean_menu_link_active_background":"","ocean_menu_social_links_bg":"","ocean_menu_social_hover_links_bg":"","ocean_menu_social_links_color":"","ocean_menu_social_hover_links_color":"","ocean_disable_title":"default","ocean_disable_heading":"default","ocean_post_title":"","ocean_post_subheading":"","ocean_post_title_style":"","ocean_post_title_background_color":"","ocean_post_title_background":0,"ocean_post_title_bg_image_position":"","ocean_post_title_bg_image_attachment":"","ocean_post_title_bg_image_repeat":"","ocean_post_title_bg_image_size":"","ocean_post_title_height":0,"ocean_post_title_bg_overlay":0.5,"ocean_post_title_bg_overlay_color":"","ocean_disable_breadcrumbs":"default","ocean_breadcrumbs_color":"","ocean_breadcrumbs_separator_color":"","ocean_breadcrumbs_links_color":"","ocean_breadcrumbs_links_hover_color":"","ocean_display_footer_widgets":"default","ocean_display_footer_bottom":"default","ocean_custom_footer_template":"","footnotes":""},"class_list":["post-3","page","type-page","status-publish","hentry","entry"],"yoast_head":"<!-- This site is optimized with the Yoast SEO plugin v22.4 - https:\/\/yoast.com\/wordpress\/plugins\/seo\/ -->\n<title>Notre politique de confidentialit\u00e9 - CreasteWebSite<\/title>\n<meta name=\"robots\" content=\"index, follow, max-snippet:-1, max-image-preview:large, max-video-preview:-1\" \/>\n<link rel=\"canonical\" href=\"https:\/\/boncommand.create-website.fr\/index.php\/politique-de-confidentialite\/\" \/>\n<meta property=\"og:locale\" content=\"en_US\" \/>\n<meta property=\"og:type\" content=\"article\" \/>\n<meta property=\"og:title\" content=\"Notre politique de confidentialit\u00e9 - CreasteWebSite\" \/>\n<meta property=\"og:description\" content=\"Notre politique de confidentialit\u00e9 explique nos principes en mati\u00e8re de collecte, de traitement et de stockage de vos informations. Cette politique explique sp\u00e9cifiquement comment nous utilisons les cookies, ainsi que les options dont vous disposez pour les contr\u00f4ler. 1\u00a0Que sont les cookies ? Les cookies sont de petits \u00e9l\u00e9ments de donn\u00e9es stock\u00e9s dans des fichiers [&hellip;]\" \/>\n<meta property=\"og:url\" content=\"https:\/\/boncommand.create-website.fr\/index.php\/politique-de-confidentialite\/\" \/>\n<meta property=\"og:site_name\" content=\"CreasteWebSite\" \/>\n<meta property=\"article:modified_time\" content=\"2024-01-24T02:47:23+00:00\" \/>\n<meta name=\"twitter:card\" content=\"summary_large_image\" \/>\n<meta name=\"twitter:label1\" content=\"Est. reading time\" \/>\n\t<meta name=\"twitter:data1\" content=\"2 minutes\" \/>\n<script type=\"application\/ld+json\" class=\"yoast-schema-graph\">{\"@context\":\"https:\/\/schema.org\",\"@graph\":[{\"@type\":\"WebPage\",\"@id\":\"https:\/\/boncommand.create-website.fr\/index.php\/politique-de-confidentialite\/\",\"url\":\"https:\/\/boncommand.create-website.fr\/index.php\/politique-de-confidentialite\/\",\"name\":\"Notre politique de confidentialit\u00e9 - CreasteWebSite\",\"isPartOf\":{\"@id\":\"https:\/\/boncommand.create-website.fr\/#website\"},\"datePublished\":\"2023-05-28T18:18:22+00:00\",\"dateModified\":\"2024-01-24T02:47:23+00:00\",\"breadcrumb\":{\"@id\":\"https:\/\/boncommand.create-website.fr\/index.php\/politique-de-confidentialite\/#breadcrumb\"},\"inLanguage\":\"en-US\",\"potentialAction\":[{\"@type\":\"ReadAction\",\"target\":[\"https:\/\/boncommand.create-website.fr\/index.php\/politique-de-confidentialite\/\"]}]},{\"@type\":\"BreadcrumbList\",\"@id\":\"https:\/\/boncommand.create-website.fr\/index.php\/politique-de-confidentialite\/#breadcrumb\",\"itemListElement\":[{\"@type\":\"ListItem\",\"position\":1,\"name\":\"Accueil\",\"item\":\"https:\/\/boncommand.create-website.fr\/\"},{\"@type\":\"ListItem\",\"position\":2,\"name\":\"Notre politique de confidentialit\u00e9\"}]},{\"@type\":\"WebSite\",\"@id\":\"https:\/\/boncommand.create-website.fr\/#website\",\"url\":\"https:\/\/boncommand.create-website.fr\/\",\"name\":\"CreasteWebSite\",\"description\":\"\",\"publisher\":{\"@id\":\"https:\/\/boncommand.create-website.fr\/#organization\"},\"potentialAction\":[{\"@type\":\"SearchAction\",\"target\":{\"@type\":\"EntryPoint\",\"urlTemplate\":\"https:\/\/boncommand.create-website.fr\/?s={search_term_string}\"},\"query-input\":\"required name=search_term_string\"}],\"inLanguage\":\"en-US\"},{\"@type\":\"Organization\",\"@id\":\"https:\/\/boncommand.create-website.fr\/#organization\",\"name\":\"CreasteWebSite\",\"url\":\"https:\/\/boncommand.create-website.fr\/\",\"logo\":{\"@type\":\"ImageObject\",\"inLanguage\":\"en-US\",\"@id\":\"https:\/\/boncommand.create-website.fr\/#\/schema\/logo\/image\/\",\"url\":\"https:\/\/boncommand.create-website.fr\/wp-content\/uploads\/2024\/01\/cropped-logo_2.jpg\",\"contentUrl\":\"https:\/\/boncommand.create-website.fr\/wp-content\/uploads\/2024\/01\/cropped-logo_2.jpg\",\"width\":519,\"height\":610,\"caption\":\"CreasteWebSite\"},\"image\":{\"@id\":\"https:\/\/boncommand.create-website.fr\/#\/schema\/logo\/image\/\"}}]}<\/script>\n<!-- \/ Yoast SEO plugin. -->","yoast_head_json":{"title":"Notre politique de confidentialit\u00e9 - CreasteWebSite","robots":{"index":"index","follow":"follow","max-snippet":"max-snippet:-1","max-image-preview":"max-image-preview:large","max-video-preview":"max-video-preview:-1"},"canonical":"https:\/\/boncommand.create-website.fr\/index.php\/politique-de-confidentialite\/","og_locale":"en_US","og_type":"article","og_title":"Notre politique de confidentialit\u00e9 - CreasteWebSite","og_description":"Notre politique de confidentialit\u00e9 explique nos principes en mati\u00e8re de collecte, de traitement et de stockage de vos informations. Cette politique explique sp\u00e9cifiquement comment nous utilisons les cookies, ainsi que les options dont vous disposez pour les contr\u00f4ler. 1\u00a0Que sont les cookies ? Les cookies sont de petits \u00e9l\u00e9ments de donn\u00e9es stock\u00e9s dans des fichiers [&hellip;]","og_url":"https:\/\/boncommand.create-website.fr\/index.php\/politique-de-confidentialite\/","og_site_name":"CreasteWebSite","article_modified_time":"2024-01-24T02:47:23+00:00","twitter_card":"summary_large_image","twitter_misc":{"Est. reading time":"2 minutes"},"schema":{"@context":"https:\/\/schema.org","@graph":[{"@type":"WebPage","@id":"https:\/\/boncommand.create-website.fr\/index.php\/politique-de-confidentialite\/","url":"https:\/\/boncommand.create-website.fr\/index.php\/politique-de-confidentialite\/","name":"Notre politique de confidentialit\u00e9 - CreasteWebSite","isPartOf":{"@id":"https:\/\/boncommand.create-website.fr\/#website"},"datePublished":"2023-05-28T18:18:22+00:00","dateModified":"2024-01-24T02:47:23+00:00","breadcrumb":{"@id":"https:\/\/boncommand.create-website.fr\/index.php\/politique-de-confidentialite\/#breadcrumb"},"inLanguage":"en-US","potentialAction":[{"@type":"ReadAction","target":["https:\/\/boncommand.create-website.fr\/index.php\/politique-de-confidentialite\/"]}]},{"@type":"BreadcrumbList","@id":"https:\/\/boncommand.create-website.fr\/index.php\/politique-de-confidentialite\/#breadcrumb","itemListElement":[{"@type":"ListItem","position":1,"name":"Accueil","item":"https:\/\/boncommand.create-website.fr\/"},{"@type":"ListItem","position":2,"name":"Notre politique de confidentialit\u00e9"}]},{"@type":"WebSite","@id":"https:\/\/boncommand.create-website.fr\/#website","url":"https:\/\/boncommand.create-website.fr\/","name":"CreasteWebSite","description":"","publisher":{"@id":"https:\/\/boncommand.create-website.fr\/#organization"},"potentialAction":[{"@type":"SearchAction","target":{"@type":"EntryPoint","urlTemplate":"https:\/\/boncommand.create-website.fr\/?s={search_term_string}"},"query-input":"required name=search_term_string"}],"inLanguage":"en-US"},{"@type":"Organization","@id":"https:\/\/boncommand.create-website.fr\/#organization","name":"CreasteWebSite","url":"https:\/\/boncommand.create-website.fr\/","logo":{"@type":"ImageObject","inLanguage":"en-US","@id":"https:\/\/boncommand.create-website.fr\/#\/schema\/logo\/image\/","url":"https:\/\/boncommand.create-website.fr\/wp-content\/uploads\/2024\/01\/cropped-logo_2.jpg","contentUrl":"https:\/\/boncommand.create-website.fr\/wp-content\/uploads\/2024\/01\/cropped-logo_2.jpg","width":519,"height":610,"caption":"CreasteWebSite"},"image":{"@id":"https:\/\/boncommand.create-website.fr\/#\/schema\/logo\/image\/"}}]}},"_links":{"self":[{"href":"https:\/\/boncommand.create-website.fr\/index.php\/wp-json\/wp\/v2\/pages\/3","targetHints":{"allow":["GET"]}}],"collection":[{"href":"https:\/\/boncommand.create-website.fr\/index.php\/wp-json\/wp\/v2\/pages"}],"about":[{"href":"https:\/\/boncommand.create-website.fr\/index.php\/wp-json\/wp\/v2\/types\/page"}],"author":[{"embeddable":true,"href":"https:\/\/boncommand.create-website.fr\/index.php\/wp-json\/wp\/v2\/users\/1"}],"replies":[{"embeddable":true,"href":"https:\/\/boncommand.create-website.fr\/index.php\/wp-json\/wp\/v2\/comments?post=3"}],"version-history":[{"count":7,"href":"https:\/\/boncommand.create-website.fr\/index.php\/wp-json\/wp\/v2\/pages\/3\/revisions"}],"predecessor-version":[{"id":466,"href":"https:\/\/boncommand.create-website.fr\/index.php\/wp-json\/wp\/v2\/pages\/3\/revisions\/466"}],"wp:attachment":[{"href":"https:\/\/boncommand.create-website.fr\/index.php\/wp-json\/wp\/v2\/media?parent=3"}],"curies":[{"name":"wp","href":"https:\/\/api.w.org\/{rel}","templated":true}]}}